). What is the highest common factor of 7 and f?
7
Suppose 0*z + 195 = z - 3*a, 5*z - 985 = 5*a. Let y be (-12 + 14)/((-1)/(-2)) - -14. What is the highest common factor of z and y?
18
Suppose 15*q - 133 = 13*q + s, 5*q = 3*s + 330. What is the greatest common divisor of 506 and q?
23
Suppose -4*j + 15 = -17. Suppose -2 = -d + j. Calculate the greatest common factor of 270 and d.
10
Suppose -45*a + 30*a + 180 = 0. Suppose 0 = 5*c - 4*r - 39, 2*r - 52 = -2*c - 2*c. Let t = 23 - c. What is the greatest common factor of a and t?
12
Let n(a) = 13*a**3 - a**2 + a - 1. Suppose -r + 6*r = -q - 4, -q = -4*r - 5. Let k be n(q). Suppose t - k = 3. What is the greatest common factor of t and 30?
15
Let s = 271 + -191. Suppose 191 = 5*x - 9. What is the greatest common factor of s and x?
40
Let r = 254 - 220. Calculate the greatest common divisor of r and 85.
17
Let w be (-7*1)/((-17)/374). What is the greatest common divisor of w and 42?
14
Let t(a) = -a - 1 + a**2 + 2*a**2 - a. Let b be t(-1). Suppose -3*i = -4*z + 19, 4*z + 49*i - 51*i - 18 = 0. Calculate the greatest common divisor of b and z.
4
Suppose 0 = -5*f + 1235 + 2105. Suppose 2*w - 4*j = f, -330 = -w - j + 7. Suppose -7*u + 3*u + w = 0. Calculate the greatest common divisor of 21 and u.
21
Let h = 218 + -202. Calculate the greatest common divisor of h and 32.
16
Let l = -152 - -292. What is the highest common divisor of l and 100?
20
Suppose 9*c - 179 + 26 = 0. Suppose 0 = -c*v - 185 + 474. Calculate the greatest common factor of 187 and v.
17
Suppose 3*a + 152 = -4*o, -5*o - 78 - 112 = -5*a. Let c = -26 - o. What is the greatest common factor of c and 12?
12
Suppose 5*a = -2*y + 4*y - 91, -2*y = 3*a - 51. What is the highest common factor of y and 891?
33
Suppose 0 = 3*m + q - 71, -m = 4*q - 2*q - 17. Calculate the highest common divisor of 675 and m.
25
Suppose -4*u = -3*x - 701, -x + 199 = u + 29. Let b = -144 + u. Let y(r) = 233*r**2 + 2*r + 1. Let n be y(-1). What is the highest common factor of b and n?
29
Let i(z) = -z**2 - 4*z + 3. Let d be i(-4). Suppose 0 = h + d*h - 364. What is the highest common factor of h and 13?
13
Let c be 50*(-1)/2*(-14)/5. What is the greatest common divisor of c and 40?
10
Let f(c) = c**3 - 18*c**2 - 71*c - 62. Let j be f(22). What is the greatest common divisor of 208 and j?
104
Suppose 3*b - 3*q = q + 10, 4*b - 16 = 4*q. Suppose -b*o = -52 - 182. Let j(t) = t**2 - 6*t + 6. Let c be j(7). Calculate the greatest common factor of o and c.
13
Let f be 149 + (1 - (-8 + 4)). Calculate the highest common divisor of f and 110.
22
Suppose 4*v = 2*u - v - 36, -11 = -u - v. Let r be (-822)/(-16) + 1060/1696. Calculate the greatest common divisor of r and u.
13
Suppose 46 - 6 = 10*c. Suppose -8*q + c*q = -64. Calculate the greatest common divisor of q and 56.
8
Let j(n) = -2*n**3 - 41*n**2 - 7*n - 95. Let p be j(-21). Calculate the greatest common divisor of 29 and p.
29
Let m be -3*1*1/(27/(-396)). Suppose -1 = 3*w - 13. What is the highest common factor of m and w?
4
Let w be (-11)/((-231)/14) - (-716)/6. What is the highest common factor of 40 and w?
40
Let f = -1198 + 1221. Calculate the greatest common divisor of 161 and f.
23
Let n be (-2 + 0)*(-178)/4. Let y = -142 + n. Let b = y - -125. What is the greatest common divisor of 9 and b?
9
Suppose 0 = -125*x + 62*x + 1827. Calculate the greatest common factor of 29 and x.
29
Let v(h) = -2*h**2 + 30*h - 12. Let y be v(10). What is the highest common divisor of y and 33?
11
Let x = -18 - -41. Let i be (1/(-2))/((-2)/644). What is the highest common factor of i and x?
23
Suppose 0 = 5*s, -m - 3*s = -2*m. Suppose m = 28*w - 23*w - 115. Let z = -12 + w. Calculate the highest common divisor of 121 and z.
11
Let r be 12/(92/80 - (-12)/(-16)). Calculate the greatest common factor of r and 270.
30
Let u = 479 + -279. Suppose -2*z + 5*f = 3*z - u, 4*f = -16. Let c be (-12)/(-10)*(-10)/(-3). Calculate the highest common divisor of z and c.
4
Suppose 2*l = -v + 973, -14*l + 17*l + v = 1457. Calculate the greatest common factor of 44 and l.
44
Suppose 0 = 18*p - 464 - 400. Calculate the highest common factor of p and 36.
12
Suppose 146 - 31 = 5*q - 3*n, -2*q - 5*n = -46. Let v = 575 - 323. Let m be 1 - (2*v)/(-2). What is the greatest common divisor of q and m?
23
Let x be -1 - -1*1 - -23. Suppose -5*s - 128 - 54 = -z, -202 = -z + s. What is the greatest common divisor of z and x?
23
Suppose 11 = 3*z + t, -z - 3*t - 4 - 3 = 0. Let w be (-60)/(-12)*27/z. What is the greatest common factor of 216 and w?
27
Suppose 112*w - 3640 = 98*w. What is the greatest common factor of w and 195?
65
Let s be 4*2*130/20. Calculate the highest common divisor of s and 2132.
52
Let z = 63 - 18. Calculate the highest common divisor of 10 and z.
5
Let i(s) = -s**3 - 6*s**2 + s + 17. Let f be i(-6). Let r = -138 - -237. What is the greatest common factor of r and f?
11
Suppose v - 4*h = 6, -4*v - 4*h + h + 5 = 0. Suppose v*c + 8*f = 9*f + 158, 2*c - 5*f - 150 = 0. What is the greatest common divisor of c and 16?
16
Suppose v + 2*v - 576 = 0. Suppose 10*s + v = 1662. What is the highest common factor of s and 21?
21
Suppose 73 + 95 = 3*l + 3*r, -5*l - r = -276. Calculate the highest common factor of 15 and l.
5
Let n be (-16 - -1)*(-4 - -3). Suppose 2*j + 3*u - n = 0, 2*u = 2*j - u + 3. Suppose 3*z = 30 - j. What is the greatest common divisor of 3 and z?
3
Suppose -3*p = -74 - 22. Let r = 4462 + -4382. Calculate the greatest common divisor of r and p.
16
Suppose -3*w - 60 = -6*w. Suppose 745 = 14*u - 137. Let g be ((-9)/(-3))/(-12) + u/12. Calculate the highest common factor of w and g.
5
Let r = 1230 - 1219. Calculate the greatest common factor of r and 55.
11
Let l be (15/12 - 1) + 2301/156. What is the greatest common divisor of l and 165?
15
Suppose -s + 4*f - 3*f = -124, -f = -4. Let m = 140 - s. What is the highest common factor of m and 36?
12
Suppose 4*r - 243 = -67. Suppose -18*l + 3739 = -2597. What is the greatest common factor of r and l?
44
Suppose 0 = 5*y - 4*g - 0*g - 147, -g - 29 = -y. What is the highest common factor of y and 31?
31
Let n(d) = -7*d**2 + 158*d - 40. Let g be n(20). What is the greatest common factor of 25 and g?
5
Suppose 29*f + 2*r = 31*f - 1172, -1163 = -2*f - r. What is the highest common divisor of f and 53?
53
Suppose -3*y = -0*y - 216. Let q be 40/220 - (-20)/11. Suppose 3*b - 21 = -r, -q*r - 10*b = -13*b - 15. What is the highest common divisor of r and y?
12
Let l = -10 - -14. Suppose -l*m + 0*m = -676. Let q = -105 + m. Calculate the greatest common factor of 16 and q.
16
Suppose 0 = -45*u + 1631 - 11. What is the greatest common factor of u and 666?
18
Let s(l) = -l + 15. Let d be s(5). Let q be (-111 - 0)*(-8)/60*d. What is the greatest common divisor of 37 and q?
37
Let q be (-6)/9 - (-1650)/45. Calculate the highest common divisor of q and 252.
36
Let r be 1/(152/(-52) - -3). Suppose -5*p - r + 0 = -3*x, 4*x = -3*p - 2. Let g be (-57)/(-9) + p/(-3). What is the highest common divisor of g and 49?
7
Let g be (-8)/52 + (-264)/(-26). Suppose 2*a - 13 + 139 = 2*y, 3*a + 2*y + 174 = 0. Let k = 140 + a. What is the greatest common divisor of k and g?
10
Let r = -1597 + 1975. What is the greatest common factor of 7 and r?
7
Let l = -62 + 91. Suppose 3*j = -4*y - 0*j + 1047, 5*j + 778 = 3*y. What is the highest common divisor of l and y?
29
Suppose 2*z - 3*z - i = -22, 5*i - 74 = -3*z. Let m = -243 + 252. What is the highest common factor of m and z?
9
Let p be (4 - 5) + 3 - -125. Let r = p - -27. What is the highest common factor of 22 and r?
22
Let o(c) = 8*c - 214. Let i be o(36). What is the highest common divisor of i and 111?
37
Let r(a) = a**3 - 3*a**2 + 2*a - 6. Suppose 4*c = -b + 13 + 16, -c + 4*b + 20 = 0. Let k be r(c). What is the highest common factor of 30 and k?
30
Suppose 2*y + 10*y = -612. Let h = 67 + y. Calculate the greatest common divisor of 24 and h.
8
Let m(n) = 13*n**2 + 5*n - 2. Let a be m(1). Calculate the highest common divisor of 48 and a.
16
Suppose 0 = 7*m + 46 + 3. Let b = 17 + m. What is the greatest common factor of b and 60?
10
Let g be (42/(-126))/(1/(-480)). What is the greatest common factor of 10 and g?
10
Suppose z = -2*p + 158, 0 = -2*z - 2*z + p + 641. Let q be ((